2 - (-9)/6. Suppose 0 = -t + v + 29, -y*v + 4 + 2 = 0. Suppose -15 = d - 79. Calculate the highest common factor of d and t.
32
Let w be (-3 + (-918)/(-294))*68621 + (-4)/7. Calculate the highest common factor of w and 2.
2
Let m(b) = -27 + 862*b + 861*b - 1726*b. Let z be m(-12). What is the highest common factor of z and 9?
9
Let s(q) be the first derivative of 13*q**2/2 + 100*q - 72. Let r be s(-7). What is the greatest common factor of r and 117?
9
Let w be 0 + (-2 - -6 - 6) + (-2 - -2706). What is the highest common divisor of 42 and w?
14
Let s be 93*(-3287)/(-26815) + 2 + (-24)/10. Suppose -2*m = -954 - 344. What is the highest common factor of s and m?
11
Suppose 3*w + 53 - 83 = 0. Let y = -80 - -296. Suppose -v = -w*v + y. Calculate the greatest common divisor of 3 and v.
3
Suppose -i - 10 = 7*i - 9*i. What is the highest common factor of i and 9350?
10
Suppose -11 = 2*k + 21. Let r = -36 - k. Let c be 225/(-6)*48/r. Calculate the highest common divisor of c and 30.
30
Suppose 6 = 2*u - 0*u. Suppose 5*g + r = 59, 2*r = 3*g - u*r - 41. Suppose 1008 = 2376*s - 2320*s. Calculate the highest common factor of s and g.
6
Let r = -66 + 162. Let s = -175 + r. Let j = 135 + s. Calculate the highest common divisor of 7 and j.
7
Let d(b) = -10 + 3*b + 15*b**2 - b**3 + 1 + 6*b - b**2. Let q be d(14). Calculate the greatest common divisor of q and 13.
13
Suppose 4*s - 20 = 0, -7*g + 4*s = -4*g - 124. Let a(c) = 25*c**2 - 133*c - 134. Let u be a(-1). What is the greatest common factor of g and u?
24
Suppose 4*d - 1366 - 2466 = 3432. Calculate the highest common factor of d and 8.
8
Let w be 200/2700 + 1 + (-210434)/(-54). Calculate the greatest common divisor of w and 4.
2
Let a(s) = s**2 + 2*s + 2. Let v be a(0). Suppose 0 = -v*o + 43 - 9. Let j be (-28)/(-2) + (-51)/o. What is the greatest common factor of 44 and j?
11
Let s be ((-2)/((-16)/204))/((-36)/(-24)). What is the greatest common factor of 68 and s?
17
Let k = 71 + -83. Let n = k + 14. Let i(z) = 3*z**3 - 2*z**2 - 2*z + 4. Let g be i(n). What is the greatest common factor of 2 and g?
2
Let t = 16 - 11. Suppose 3*o + 24 = 5*f, 4*o - 3 = -t*f - 0. Suppose -m - 36 = -3*z + 2*m, 44 = 4*z - f*m. What is the greatest common factor of z and 64?
8
Suppose 1229 = -18*l + 23*l - n, 2*l + 18*n = 602. What is the highest common factor of 3553 and l?
19
Let k = -165 - -354. Let w(s) = 61*s - 8557. Let r be w(142). What is the highest common divisor of r and k?
21
Let d = 2816 - 2794. Let s(j) = j**2 - 5*j + 4. Let x be s(-18). What is the highest common divisor of x and d?
22
Suppose 3*o = 12, 41*o = 2*s + 37*o - 9896. Calculate the highest common divisor of s and 12.
12
Suppose 25*p = 32*p - 126. Let n be (-3 - -2) + 6*30/p. Calculate the highest common divisor of 261 and n.
9
Let y(a) be the first derivative of -a**2/2 + 40*a - 2. Let o be y(0). Suppose 2*m = 6*i - i - o, m + 32 = 4*i. What is the highest common factor of 2 and i?
2
Let v(o) = -15 - 5*o + 31*o**2 - 30*o**2 - 10. Let z be v(9). Let q be z + -7 - (1 - (0 + 1)). What is the greatest common factor of q and 1?
1
Suppose -s + 2 + 0 = 0. Suppose s*j - x = 6, 5*j + 3*x - 14 - 12 = 0. Let c = -17604 + 17648. What is the greatest common factor of c and j?
4
Let s = 45 - 45. Suppose s = -g - 3*g + 132. Suppose 2*n - 4*l - 144 = -0*l, 0 = n - 5*l - 81. Calculate the greatest common divisor of n and g.
33
Suppose 0 = -5*b - 25, 2*x - 111*b = -115*b. Suppose 3*p + 405 = 3*f, -f - 135 = -2*f + 3*p. Calculate the highest common factor of x and f.
5
Let n be 255/6 - 1/4*2. Suppose -3*s + 32 - 3 = 4*b, n = 5*b - 2*s. Let d be 79 + -8*4/b. What is the greatest common factor of 30 and d?
15
Let k be ((-105)/12 - -9) + (-2)/8. Suppose k = -26*i + 30*i - 96. Calculate the greatest common factor of 24 and i.
24
Let m(x) = -24*x + 18. Let d be m(-13). Suppose j - d = -9*j. Suppose -30*h = -j*h + 54. Calculate the greatest common divisor of h and 90.
18
Let a = -6190 + 6219. What is the greatest common divisor of 18299 and a?
29
Suppose f = -4*h + 22, -5*f + 5*h - 22 = -32. What is the highest common factor of f and 1254?
6
Let f = 9059 - 8501. What is the greatest common factor of f and 234?
18
Suppose -132 + 48 = -14*l. What is the greatest common factor of 894 and l?
6
Let d = -6085 + 6705. What is the greatest common divisor of 95 and d?
5
Suppose 5*v - 3*p = 128, 8*v + 18*p = 23*p + 207. Suppose -2*g = -2*b - 484, 0*g = -3*g - b + 746. What is the greatest common factor of g and v?
19
Suppose -4*u + 0*u + 725 = 5*i, i + 5*u = 145. Let g be 87/(((-25)/(-5))/5) - 0. What is the greatest common factor of g and i?
29
Suppose 4*k - 163 + 175 = 0. Let d be k*-28*8/48. Calculate the greatest common divisor of d and 63.
7
Suppose 0 = z - 9*u + 5*u - 184, -2*z - 5*u + 368 = 0. Suppose 0 = 2*v - 4*b - 30, -3*v - 48 + 125 = 2*b. Calculate the greatest common divisor of z and v.
23
Let i(f) = -53*f - 209. Suppose -3*r + y - 20 = -7, 2*y - 2 = 0. Let v be i(r). Let x be -1 - (-2 + 4 - 36). What is the highest common divisor of v and x?
3
Let q be 0 - ((-3 - -3) + 69). Let m = -64 - q. Suppose 4*r + 2*o = 17 + 123, -m*r - o = -175. What is the highest common divisor of 5 and r?
5
Let b(g) = -11*g**3 - 4*g**2 - 4*g + 1. Let p be b(-1). Suppose -5*i - p = -c - 111, -2*i + 50 = -3*c. What is the highest common factor of i and 779?
19
Let h = 4512 - 4466. What is the highest common divisor of h and 3841?
23
Suppose 0 = 4*h - 8 - 20. Suppose 426*c - 362*c = 9408. What is the highest common factor of c and h?
7
Let c(j) = 522*j + 16952. Let t be c(-30). Let s = 21 + 47. What is the highest common divisor of s and t?
68
Let d = 10 - 122. Let p be (d - (5 - 3))/(-1). Suppose p = s - 2*o, 3*s + 6*o = 3*o + 333. Calculate the greatest common divisor of s and 16.
16
Let p = -102 - -107. Suppose -5*x + 15 = -0*x, 5*v = p*x + 445. Calculate the highest common divisor of 598 and v.
46
Let c = 313 + 347. Calculate the greatest common divisor of 770 and c.
110
Let p(d) = 57*d**2 - 82*d - 720. Let m be p(-8). Calculate the greatest common factor of m and 112.
112
Let c(q) = 391*q - 8008. Let k be c(44). What is the highest common factor of k and 4?
4
Suppose -61*a = -54*a - 28. Let z be ((-3)/(-6))/((6/a)/3). Let l be (-3)/1*78/(-9) + z. What is the greatest common divisor of 189 and l?
27
Let w(l) = 2*l - 22. Let f be w(9). Let a be ((-90)/f)/((-24)/(-32)). What is the greatest common divisor of 45 and a?
15
Let o be (-184)/14 + 13 - 25/70*-314. Calculate the highest common factor of o and 768.
16
Let y be ((-4)/((-16)/(-111)))/(9/36). Let v = -83 - y. Let o be 8*(-28)/(4 - 6). What is the highest common divisor of o and v?
28
Let s = -4069 + 4076. Let u(t) = t**2 + 10*t - 11. Let l be u(8). Calculate the greatest common divisor of l and s.
7
Suppose 2*u = -3*k + 96, -2*k = 5*u - 4*k - 240. Let a be 36/4*(-44)/12. Let j = u + a. Calculate the highest common divisor of 3 and j.
3
Suppose 33*q = 76*q + 157*q - 89600. Calculate the greatest common divisor of q and 832.
64
Let x = -654 - -1095. What is the greatest common divisor of 2107 and x?
49
Let g be 8 + (-1 - (2 - -2)). Suppose -3*v + 3 = 0, x - g*v + 6*v - 50 = 0. Calculate the highest common divisor of 329 and x.
47
Suppose -8*u = -11*u. Suppose 9 = -b - 5*f + 25, -2*f - 4 = u. Let p be (-6)/(-39) - 2/b*-388. What is the greatest common factor of p and 45?
15
Suppose -2*v = u - 34, u - 37 = -5*v + 2*v. Suppose 95*c + 935 - 1671 = 4584. What is the highest common factor of u and c?
28
Suppose r - 2*x - 3 = 0, r + r - 33 = -5*x. Let k be ((-12)/(-9))/(r/756). What is the highest common divisor of 32 and k?
16
Let d = 26639 - 26633. Calculate the highest common divisor of 69 and d.
3
Suppose 4*y - w + 4*w = 33, -5*w + 33 = 3*y. Let i be (-1 - -27)*y/(-24)*-10. What is the greatest common divisor of 455 and i?
65
Let f be ((-4)/(-8)*-1)/(5/(-10)). Suppose -2*l - z + 34 = -2*z, -68 = -4*l + 4*z. Calculate the highest common divisor of l and f.
1
Let q be 0 + (1*-1 - -11). Let h be (-13 + -4 + 2)*(-3100)/186. Calculate the highest common factor of q and h.
10
Let k(t) = t**3 + 9*t**2 - 5*t + 49. Suppose 0 = -d + 2*r + 3 - 7, d = 4*r. Let a be k(d). What is the greatest common factor of 63 and a?
9
Let c(r) = -40*r + 1455. Let 